{"id":805,"date":"2022-06-03T09:00:58","date_gmt":"2022-06-03T09:00:58","guid":{"rendered":"https:\/\/apaliceovalencia.com\/comisiones\/transporte\/"},"modified":"2025-07-11T09:52:17","modified_gmt":"2025-07-11T09:52:17","slug":"transport","status":"publish","type":"comisiones","link":"https:\/\/apaliceovalencia.com\/fr\/commissions\/transport\/","title":{"rendered":"Transport"},"content":{"rendered":"<p>La commission de transport scolaire est charg\u00e9e de g\u00e9rer le service des transports scolaires. Ses t\u00e2ches consistent principalement \u00e0 d\u00e9finir l&#8217;embauche de la soci\u00e9t\u00e9 de transport, la pr\u00e9paration des itin\u00e9raires, la r\u00e9solution des incidents quotidiens, la r\u00e9vision et le respect du r\u00e9glement et, d&rsquo;une mani\u00e8re g\u00e9n\u00e9rale, tout ce qui touche \u00e0 la gestion du transport scolaire.<\/p>\n<p><strong><em>Nos objectifs :<\/em><\/strong><\/p>\n<ul>\n<li>assurer un service de transport efficace et efficient<\/li>\n<li>examen p\u00e9riodique des demandes familiales<\/li>\n<li>r\u00e9duction des temps de parcours<\/li>\n<li>s\u00e9curit\u00e9 des utilisateurs<\/li>\n<li>promouvoir le transport durable et la bonne coexistence entre tous<\/li>\n<\/ul>\n<p>Vous pouvez contacter cette commission \u00e0 l&rsquo;<a href=\"transporte@apaliceovalencia.com\">e-mail<\/a> suivant.<\/p>\n","protected":false},"featured_media":0,"template":"","class_list":["post-805","comisiones","type-comisiones","status-publish","hentry"],"acf":[],"yoast_head":"<!-- This site is optimized with the Yoast SEO plugin v27.1.1 - https:\/\/yoast.com\/product\/yoast-seo-wordpress\/ -->\n<title>Transport - APAE Liceo Franc\u00e9s Val\u00e8ncia<\/title>\n<meta name=\"robots\" content=\"index, follow, max-snippet:-1, max-image-preview:large, max-video-preview:-1\" \/>\n<link rel=\"canonical\" href=\"https:\/\/apaliceovalencia.com\/fr\/commissions\/transport\/\" \/>\n<meta property=\"og:locale\" content=\"fr_FR\" \/>\n<meta property=\"og:type\" content=\"article\" \/>\n<meta property=\"og:title\" content=\"Transport - APAE Liceo Franc\u00e9s Val\u00e8ncia\" \/>\n<meta property=\"og:description\" content=\"La commission de transport scolaire est charg\u00e9e de g\u00e9rer le service des transports scolaires. Ses t\u00e2ches consistent principalement \u00e0 d\u00e9finir l&#8217;embauche de la soci\u00e9t\u00e9 de transport, la pr\u00e9paration des itin\u00e9raires, [&hellip;]\" \/>\n<meta property=\"og:url\" content=\"https:\/\/apaliceovalencia.com\/fr\/commissions\/transport\/\" \/>\n<meta property=\"og:site_name\" content=\"APAE Liceo Franc\u00e9s Val\u00e8ncia\" \/>\n<meta property=\"article:modified_time\" content=\"2025-07-11T09:52:17+00:00\" \/>\n<meta name=\"twitter:card\" content=\"summary_large_image\" \/>\n<meta name=\"twitter:label1\" content=\"Dur\u00e9e de lecture estim\u00e9e\" \/>\n\t<meta name=\"twitter:data1\" content=\"1 minute\" \/>\n<script type=\"application\/ld+json\" class=\"yoast-schema-graph\">{\"@context\":\"https:\/\/schema.org\",\"@graph\":[{\"@type\":\"WebPage\",\"@id\":\"https:\/\/apaliceovalencia.com\/fr\/commissions\/transport\/\",\"url\":\"https:\/\/apaliceovalencia.com\/fr\/commissions\/transport\/\",\"name\":\"Transport - APAE Liceo Franc\u00e9s Val\u00e8ncia\",\"isPartOf\":{\"@id\":\"https:\/\/apaliceovalencia.com\/fr\/#website\"},\"datePublished\":\"2022-06-03T09:00:58+00:00\",\"dateModified\":\"2025-07-11T09:52:17+00:00\",\"breadcrumb\":{\"@id\":\"https:\/\/apaliceovalencia.com\/fr\/commissions\/transport\/#breadcrumb\"},\"inLanguage\":\"fr-FR\",\"potentialAction\":[{\"@type\":\"ReadAction\",\"target\":[\"https:\/\/apaliceovalencia.com\/fr\/commissions\/transport\/\"]}]},{\"@type\":\"BreadcrumbList\",\"@id\":\"https:\/\/apaliceovalencia.com\/fr\/commissions\/transport\/#breadcrumb\",\"itemListElement\":[{\"@type\":\"ListItem\",\"position\":1,\"name\":\"Home\",\"item\":\"https:\/\/apaliceovalencia.com\/fr\/\"},{\"@type\":\"ListItem\",\"position\":2,\"name\":\"Transport\"}]},{\"@type\":\"WebSite\",\"@id\":\"https:\/\/apaliceovalencia.com\/fr\/#website\",\"url\":\"https:\/\/apaliceovalencia.com\/fr\/\",\"name\":\"APAE Liceo Franc\u00e9s Val\u00e8ncia\",\"description\":\"Asocaci\u00f3n de padres de alumnos Lyc\u00e9e Fran\u00e7ais de Val\u00e8ncia\",\"potentialAction\":[{\"@type\":\"SearchAction\",\"target\":{\"@type\":\"EntryPoint\",\"urlTemplate\":\"https:\/\/apaliceovalencia.com\/fr\/?s={search_term_string}\"},\"query-input\":{\"@type\":\"PropertyValueSpecification\",\"valueRequired\":true,\"valueName\":\"search_term_string\"}}],\"inLanguage\":\"fr-FR\"}]}<\/script>\n<!-- \/ Yoast SEO plugin. -->","yoast_head_json":{"title":"Transport - APAE Liceo Franc\u00e9s Val\u00e8ncia","robots":{"index":"index","follow":"follow","max-snippet":"max-snippet:-1","max-image-preview":"max-image-preview:large","max-video-preview":"max-video-preview:-1"},"canonical":"https:\/\/apaliceovalencia.com\/fr\/commissions\/transport\/","og_locale":"fr_FR","og_type":"article","og_title":"Transport - APAE Liceo Franc\u00e9s Val\u00e8ncia","og_description":"La commission de transport scolaire est charg\u00e9e de g\u00e9rer le service des transports scolaires. Ses t\u00e2ches consistent principalement \u00e0 d\u00e9finir l&#8217;embauche de la soci\u00e9t\u00e9 de transport, la pr\u00e9paration des itin\u00e9raires, [&hellip;]","og_url":"https:\/\/apaliceovalencia.com\/fr\/commissions\/transport\/","og_site_name":"APAE Liceo Franc\u00e9s Val\u00e8ncia","article_modified_time":"2025-07-11T09:52:17+00:00","twitter_card":"summary_large_image","twitter_misc":{"Dur\u00e9e de lecture estim\u00e9e":"1 minute"},"schema":{"@context":"https:\/\/schema.org","@graph":[{"@type":"WebPage","@id":"https:\/\/apaliceovalencia.com\/fr\/commissions\/transport\/","url":"https:\/\/apaliceovalencia.com\/fr\/commissions\/transport\/","name":"Transport - APAE Liceo Franc\u00e9s Val\u00e8ncia","isPartOf":{"@id":"https:\/\/apaliceovalencia.com\/fr\/#website"},"datePublished":"2022-06-03T09:00:58+00:00","dateModified":"2025-07-11T09:52:17+00:00","breadcrumb":{"@id":"https:\/\/apaliceovalencia.com\/fr\/commissions\/transport\/#breadcrumb"},"inLanguage":"fr-FR","potentialAction":[{"@type":"ReadAction","target":["https:\/\/apaliceovalencia.com\/fr\/commissions\/transport\/"]}]},{"@type":"BreadcrumbList","@id":"https:\/\/apaliceovalencia.com\/fr\/commissions\/transport\/#breadcrumb","itemListElement":[{"@type":"ListItem","position":1,"name":"Home","item":"https:\/\/apaliceovalencia.com\/fr\/"},{"@type":"ListItem","position":2,"name":"Transport"}]},{"@type":"WebSite","@id":"https:\/\/apaliceovalencia.com\/fr\/#website","url":"https:\/\/apaliceovalencia.com\/fr\/","name":"APAE Liceo Franc\u00e9s Val\u00e8ncia","description":"Asocaci\u00f3n de padres de alumnos Lyc\u00e9e Fran\u00e7ais de Val\u00e8ncia","potentialAction":[{"@type":"SearchAction","target":{"@type":"EntryPoint","urlTemplate":"https:\/\/apaliceovalencia.com\/fr\/?s={search_term_string}"},"query-input":{"@type":"PropertyValueSpecification","valueRequired":true,"valueName":"search_term_string"}}],"inLanguage":"fr-FR"}]}},"_links":{"self":[{"href":"https:\/\/apaliceovalencia.com\/fr\/wp-json\/wp\/v2\/comisiones\/805","targetHints":{"allow":["GET"]}}],"collection":[{"href":"https:\/\/apaliceovalencia.com\/fr\/wp-json\/wp\/v2\/comisiones"}],"about":[{"href":"https:\/\/apaliceovalencia.com\/fr\/wp-json\/wp\/v2\/types\/comisiones"}],"wp:attachment":[{"href":"https:\/\/apaliceovalencia.com\/fr\/wp-json\/wp\/v2\/media?parent=805"}],"curies":[{"name":"wp","href":"https:\/\/api.w.org\/{rel}","templated":true}]}}

<p>La commission de transport scolaire est chargée de gérer le service des transports scolaires. Ses tâches consistent principalement à définir l&#8217;embauche de la société de transport, la préparation des itinéraires, la résolution des incidents quotidiens, la révision et le respect du réglement et, d&rsquo;une manière générale, tout ce qui touche à la gestion du transport scolaire.</p>
<p><strong><em>Nos objectifs :</em></strong></p>
<ul>
<li>assurer un service de transport efficace et efficient</li>
<li>examen périodique des demandes familiales</li>
<li>réduction des temps de parcours</li>
<li>sécurité des utilisateurs</li>
<li>promouvoir le transport durable et la bonne coexistence entre tous</li>
</ul>
<p>Vous pouvez contacter cette commission à l&rsquo;<a href="transporte@apaliceovalencia.com">e-mail</a> suivant.</p>

<!-- This site is optimized with the Yoast SEO plugin v27.1.1 - https://yoast.com/product/yoast-seo-wordpress/ -->
<title>Transport - APAE Liceo Francés València</title>
<meta name="robots" content="index, follow, max-snippet:-1, max-image-preview:large, max-video-preview:-1" />
<link rel="canonical" href="https://apaliceovalencia.com/fr/commissions/transport/" />
<meta property="og:locale" content="fr_FR" />
<meta property="og:type" content="article" />
<meta property="og:title" content="Transport - APAE Liceo Francés València" />
<meta property="og:description" content="La commission de transport scolaire est chargée de gérer le service des transports scolaires. Ses tâches consistent principalement à définir l&#8217;embauche de la société de transport, la préparation des itinéraires, [&hellip;]" />
<meta property="og:url" content="https://apaliceovalencia.com/fr/commissions/transport/" />
<meta property="og:site_name" content="APAE Liceo Francés València" />
<meta property="article:modified_time" content="2025-07-11T09:52:17+00:00" />
<meta name="twitter:card" content="summary_large_image" />
<meta name="twitter:label1" content="Durée de lecture estimée" />
	<meta name="twitter:data1" content="1 minute" />
<script type="application/ld+json" class="yoast-schema-graph">{"@context":"https://schema.org","@graph":[{"@type":"WebPage","@id":"https://apaliceovalencia.com/fr/commissions/transport/","url":"https://apaliceovalencia.com/fr/commissions/transport/","name":"Transport - APAE Liceo Francés València","isPartOf":{"@id":"https://apaliceovalencia.com/fr/#website"},"datePublished":"2022-06-03T09:00:58+00:00","dateModified":"2025-07-11T09:52:17+00:00","breadcrumb":{"@id":"https://apaliceovalencia.com/fr/commissions/transport/#breadcrumb"},"inLanguage":"fr-FR","potentialAction":[{"@type":"ReadAction","target":["https://apaliceovalencia.com/fr/commissions/transport/"]}]},{"@type":"BreadcrumbList","@id":"https://apaliceovalencia.com/fr/commissions/transport/#breadcrumb","itemListElement":[{"@type":"ListItem","position":1,"name":"Home","item":"https://apaliceovalencia.com/fr/"},{"@type":"ListItem","position":2,"name":"Transport"}]},{"@type":"WebSite","@id":"https://apaliceovalencia.com/fr/#website","url":"https://apaliceovalencia.com/fr/","name":"APAE Liceo Francés València","description":"Asocación de padres de alumnos Lycée Français de València","potentialAction":[{"@type":"SearchAction","target":{"@type":"EntryPoint","urlTemplate":"https://apaliceovalencia.com/fr/?s={search_term_string}"},"query-input":{"@type":"PropertyValueSpecification","valueRequired":true,"valueName":"search_term_string"}}],"inLanguage":"fr-FR"}]}</script>
<!-- / Yoast SEO plugin. -->

Transport - APAE Liceo Francés València

La commission de transport scolaire est chargée de gérer le service des transports scolaires. Ses tâches consistent principalement à définir l&#8217;embauche de la société de transport, la préparation des itinéraires, [&hellip;]

APAE Liceo Francés València

Asocación de padres de alumnos Lycée Français de València
