{"id":810,"date":"2022-07-12T10:34:55","date_gmt":"2022-07-12T10:34:55","guid":{"rendered":"https:\/\/apaliceovalencia.com\/comisiones\/alimentacion-saludable-y-sostenibilidad\/"},"modified":"2026-02-09T15:07:27","modified_gmt":"2026-02-09T15:07:27","slug":"alimentation-saine-durabilite","status":"publish","type":"comisiones","link":"https:\/\/apaliceovalencia.com\/fr\/commissions\/alimentation-saine-durabilite\/","title":{"rendered":"Alimentation saine et d\u00e9veloppement durable"},"content":{"rendered":"<p>La commission d&rsquo;alimentation saine et d\u00e9veloppement durable a pour vocation de sensibiliser les \u00e9l\u00e8ves et leurs familles \u00e0 l&rsquo;environnement, de participer dans la politique de durabilit\u00e9 du Lyc\u00e9e et d&rsquo;encourager nos enfants pour qu&rsquo;ils prennent soin de la plan\u00e8te \u00e0 l&rsquo;\u00e9cole et \u00e0 la maison.<\/p>\n<blockquote><p>Si nous ne prenons pas soin de la plan\u00e8te, il n&rsquo;y aura plus de plan\u00e8te pour les prochaines g\u00e9n\u00e9rations<\/p><\/blockquote>\n<p><strong><em>Nos objectifs:<\/em><\/strong><\/p>\n<ul>\n<li>campagnes de sensibilisation pour les \u00e9l\u00e8ves et leurs familles<\/li>\n<li>promouvoir la prise de conscience environnementale et le respect de la nature<\/li>\n<li>solutions de mobilit\u00e9 durable<\/li>\n<li>promouvoir une alimentation saine et durable dans l&rsquo;\u00e9tablissement et en dehors aussi<\/li>\n<\/ul>\n","protected":false},"featured_media":0,"template":"","class_list":["post-810","comisiones","type-comisiones","status-publish","hentry"],"acf":[],"yoast_head":"<!-- This site is optimized with the Yoast SEO plugin v27.1.1 - https:\/\/yoast.com\/product\/yoast-seo-wordpress\/ -->\n<title>Alimentation saine et d\u00e9veloppement durable - APAE Liceo Franc\u00e9s Val\u00e8ncia<\/title>\n<meta name=\"robots\" content=\"index, follow, max-snippet:-1, max-image-preview:large, max-video-preview:-1\" \/>\n<link rel=\"canonical\" href=\"https:\/\/apaliceovalencia.com\/fr\/commissions\/alimentation-saine-durabilite\/\" \/>\n<meta property=\"og:locale\" content=\"fr_FR\" \/>\n<meta property=\"og:type\" content=\"article\" \/>\n<meta property=\"og:title\" content=\"Alimentation saine et d\u00e9veloppement durable - APAE Liceo Franc\u00e9s Val\u00e8ncia\" \/>\n<meta property=\"og:description\" content=\"La commission d&rsquo;alimentation saine et d\u00e9veloppement durable a pour vocation de sensibiliser les \u00e9l\u00e8ves et leurs familles \u00e0 l&rsquo;environnement, de participer dans la politique de durabilit\u00e9 du Lyc\u00e9e et d&rsquo;encourager [&hellip;]\" \/>\n<meta property=\"og:url\" content=\"https:\/\/apaliceovalencia.com\/fr\/commissions\/alimentation-saine-durabilite\/\" \/>\n<meta property=\"og:site_name\" content=\"APAE Liceo Franc\u00e9s Val\u00e8ncia\" \/>\n<meta property=\"article:modified_time\" content=\"2026-02-09T15:07:27+00:00\" \/>\n<meta name=\"twitter:card\" content=\"summary_large_image\" \/>\n<meta name=\"twitter:label1\" content=\"Dur\u00e9e de lecture estim\u00e9e\" \/>\n\t<meta name=\"twitter:data1\" content=\"1 minute\" \/>\n<script type=\"application\/ld+json\" class=\"yoast-schema-graph\">{\"@context\":\"https:\/\/schema.org\",\"@graph\":[{\"@type\":\"WebPage\",\"@id\":\"https:\/\/apaliceovalencia.com\/fr\/commissions\/alimentation-saine-durabilite\/\",\"url\":\"https:\/\/apaliceovalencia.com\/fr\/commissions\/alimentation-saine-durabilite\/\",\"name\":\"Alimentation saine et d\u00e9veloppement durable - APAE Liceo Franc\u00e9s Val\u00e8ncia\",\"isPartOf\":{\"@id\":\"https:\/\/apaliceovalencia.com\/fr\/#website\"},\"datePublished\":\"2022-07-12T10:34:55+00:00\",\"dateModified\":\"2026-02-09T15:07:27+00:00\",\"breadcrumb\":{\"@id\":\"https:\/\/apaliceovalencia.com\/fr\/commissions\/alimentation-saine-durabilite\/#breadcrumb\"},\"inLanguage\":\"fr-FR\",\"potentialAction\":[{\"@type\":\"ReadAction\",\"target\":[\"https:\/\/apaliceovalencia.com\/fr\/commissions\/alimentation-saine-durabilite\/\"]}]},{\"@type\":\"BreadcrumbList\",\"@id\":\"https:\/\/apaliceovalencia.com\/fr\/commissions\/alimentation-saine-durabilite\/#breadcrumb\",\"itemListElement\":[{\"@type\":\"ListItem\",\"position\":1,\"name\":\"Home\",\"item\":\"https:\/\/apaliceovalencia.com\/fr\/\"},{\"@type\":\"ListItem\",\"position\":2,\"name\":\"Alimentation saine et d\u00e9veloppement durable\"}]},{\"@type\":\"WebSite\",\"@id\":\"https:\/\/apaliceovalencia.com\/fr\/#website\",\"url\":\"https:\/\/apaliceovalencia.com\/fr\/\",\"name\":\"APAE Liceo Franc\u00e9s Val\u00e8ncia\",\"description\":\"Asocaci\u00f3n de padres de alumnos Lyc\u00e9e Fran\u00e7ais de Val\u00e8ncia\",\"potentialAction\":[{\"@type\":\"SearchAction\",\"target\":{\"@type\":\"EntryPoint\",\"urlTemplate\":\"https:\/\/apaliceovalencia.com\/fr\/?s={search_term_string}\"},\"query-input\":{\"@type\":\"PropertyValueSpecification\",\"valueRequired\":true,\"valueName\":\"search_term_string\"}}],\"inLanguage\":\"fr-FR\"}]}<\/script>\n<!-- \/ Yoast SEO plugin. -->","yoast_head_json":{"title":"Alimentation saine et d\u00e9veloppement durable - APAE Liceo Franc\u00e9s Val\u00e8ncia","robots":{"index":"index","follow":"follow","max-snippet":"max-snippet:-1","max-image-preview":"max-image-preview:large","max-video-preview":"max-video-preview:-1"},"canonical":"https:\/\/apaliceovalencia.com\/fr\/commissions\/alimentation-saine-durabilite\/","og_locale":"fr_FR","og_type":"article","og_title":"Alimentation saine et d\u00e9veloppement durable - APAE Liceo Franc\u00e9s Val\u00e8ncia","og_description":"La commission d&rsquo;alimentation saine et d\u00e9veloppement durable a pour vocation de sensibiliser les \u00e9l\u00e8ves et leurs familles \u00e0 l&rsquo;environnement, de participer dans la politique de durabilit\u00e9 du Lyc\u00e9e et d&rsquo;encourager [&hellip;]","og_url":"https:\/\/apaliceovalencia.com\/fr\/commissions\/alimentation-saine-durabilite\/","og_site_name":"APAE Liceo Franc\u00e9s Val\u00e8ncia","article_modified_time":"2026-02-09T15:07:27+00:00","twitter_card":"summary_large_image","twitter_misc":{"Dur\u00e9e de lecture estim\u00e9e":"1 minute"},"schema":{"@context":"https:\/\/schema.org","@graph":[{"@type":"WebPage","@id":"https:\/\/apaliceovalencia.com\/fr\/commissions\/alimentation-saine-durabilite\/","url":"https:\/\/apaliceovalencia.com\/fr\/commissions\/alimentation-saine-durabilite\/","name":"Alimentation saine et d\u00e9veloppement durable - APAE Liceo Franc\u00e9s Val\u00e8ncia","isPartOf":{"@id":"https:\/\/apaliceovalencia.com\/fr\/#website"},"datePublished":"2022-07-12T10:34:55+00:00","dateModified":"2026-02-09T15:07:27+00:00","breadcrumb":{"@id":"https:\/\/apaliceovalencia.com\/fr\/commissions\/alimentation-saine-durabilite\/#breadcrumb"},"inLanguage":"fr-FR","potentialAction":[{"@type":"ReadAction","target":["https:\/\/apaliceovalencia.com\/fr\/commissions\/alimentation-saine-durabilite\/"]}]},{"@type":"BreadcrumbList","@id":"https:\/\/apaliceovalencia.com\/fr\/commissions\/alimentation-saine-durabilite\/#breadcrumb","itemListElement":[{"@type":"ListItem","position":1,"name":"Home","item":"https:\/\/apaliceovalencia.com\/fr\/"},{"@type":"ListItem","position":2,"name":"Alimentation saine et d\u00e9veloppement durable"}]},{"@type":"WebSite","@id":"https:\/\/apaliceovalencia.com\/fr\/#website","url":"https:\/\/apaliceovalencia.com\/fr\/","name":"APAE Liceo Franc\u00e9s Val\u00e8ncia","description":"Asocaci\u00f3n de padres de alumnos Lyc\u00e9e Fran\u00e7ais de Val\u00e8ncia","potentialAction":[{"@type":"SearchAction","target":{"@type":"EntryPoint","urlTemplate":"https:\/\/apaliceovalencia.com\/fr\/?s={search_term_string}"},"query-input":{"@type":"PropertyValueSpecification","valueRequired":true,"valueName":"search_term_string"}}],"inLanguage":"fr-FR"}]}},"_links":{"self":[{"href":"https:\/\/apaliceovalencia.com\/fr\/wp-json\/wp\/v2\/comisiones\/810","targetHints":{"allow":["GET"]}}],"collection":[{"href":"https:\/\/apaliceovalencia.com\/fr\/wp-json\/wp\/v2\/comisiones"}],"about":[{"href":"https:\/\/apaliceovalencia.com\/fr\/wp-json\/wp\/v2\/types\/comisiones"}],"wp:attachment":[{"href":"https:\/\/apaliceovalencia.com\/fr\/wp-json\/wp\/v2\/media?parent=810"}],"curies":[{"name":"wp","href":"https:\/\/api.w.org\/{rel}","templated":true}]}}

Alimentation saine et développement durable

<p>La commission d&rsquo;alimentation saine et développement durable a pour vocation de sensibiliser les élèves et leurs familles à l&rsquo;environnement, de participer dans la politique de durabilité du Lycée et d&rsquo;encourager nos enfants pour qu&rsquo;ils prennent soin de la planète à l&rsquo;école et à la maison.</p>
<blockquote><p>Si nous ne prenons pas soin de la planète, il n&rsquo;y aura plus de planète pour les prochaines générations</p></blockquote>
<p><strong><em>Nos objectifs:</em></strong></p>
<ul>
<li>campagnes de sensibilisation pour les élèves et leurs familles</li>
<li>promouvoir la prise de conscience environnementale et le respect de la nature</li>
<li>solutions de mobilité durable</li>
<li>promouvoir une alimentation saine et durable dans l&rsquo;établissement et en dehors aussi</li>
</ul>

<!-- This site is optimized with the Yoast SEO plugin v27.1.1 - https://yoast.com/product/yoast-seo-wordpress/ -->
<title>Alimentation saine et développement durable - APAE Liceo Francés València</title>
<meta name="robots" content="index, follow, max-snippet:-1, max-image-preview:large, max-video-preview:-1" />
<link rel="canonical" href="https://apaliceovalencia.com/fr/commissions/alimentation-saine-durabilite/" />
<meta property="og:locale" content="fr_FR" />
<meta property="og:type" content="article" />
<meta property="og:title" content="Alimentation saine et développement durable - APAE Liceo Francés València" />
<meta property="og:description" content="La commission d&rsquo;alimentation saine et développement durable a pour vocation de sensibiliser les élèves et leurs familles à l&rsquo;environnement, de participer dans la politique de durabilité du Lycée et d&rsquo;encourager [&hellip;]" />
<meta property="og:url" content="https://apaliceovalencia.com/fr/commissions/alimentation-saine-durabilite/" />
<meta property="og:site_name" content="APAE Liceo Francés València" />
<meta property="article:modified_time" content="2026-02-09T15:07:27+00:00" />
<meta name="twitter:card" content="summary_large_image" />
<meta name="twitter:label1" content="Durée de lecture estimée" />
	<meta name="twitter:data1" content="1 minute" />
<script type="application/ld+json" class="yoast-schema-graph">{"@context":"https://schema.org","@graph":[{"@type":"WebPage","@id":"https://apaliceovalencia.com/fr/commissions/alimentation-saine-durabilite/","url":"https://apaliceovalencia.com/fr/commissions/alimentation-saine-durabilite/","name":"Alimentation saine et développement durable - APAE Liceo Francés València","isPartOf":{"@id":"https://apaliceovalencia.com/fr/#website"},"datePublished":"2022-07-12T10:34:55+00:00","dateModified":"2026-02-09T15:07:27+00:00","breadcrumb":{"@id":"https://apaliceovalencia.com/fr/commissions/alimentation-saine-durabilite/#breadcrumb"},"inLanguage":"fr-FR","potentialAction":[{"@type":"ReadAction","target":["https://apaliceovalencia.com/fr/commissions/alimentation-saine-durabilite/"]}]},{"@type":"BreadcrumbList","@id":"https://apaliceovalencia.com/fr/commissions/alimentation-saine-durabilite/#breadcrumb","itemListElement":[{"@type":"ListItem","position":1,"name":"Home","item":"https://apaliceovalencia.com/fr/"},{"@type":"ListItem","position":2,"name":"Alimentation saine et développement durable"}]},{"@type":"WebSite","@id":"https://apaliceovalencia.com/fr/#website","url":"https://apaliceovalencia.com/fr/","name":"APAE Liceo Francés València","description":"Asocación de padres de alumnos Lycée Français de València","potentialAction":[{"@type":"SearchAction","target":{"@type":"EntryPoint","urlTemplate":"https://apaliceovalencia.com/fr/?s={search_term_string}"},"query-input":{"@type":"PropertyValueSpecification","valueRequired":true,"valueName":"search_term_string"}}],"inLanguage":"fr-FR"}]}</script>
<!-- / Yoast SEO plugin. -->

Alimentation saine et développement durable - APAE Liceo Francés València

La commission d&rsquo;alimentation saine et développement durable a pour vocation de sensibiliser les élèves et leurs familles à l&rsquo;environnement, de participer dans la politique de durabilité du Lycée et d&rsquo;encourager [&hellip;]

APAE Liceo Francés València

Asocación de padres de alumnos Lycée Français de València
