{"id":3311,"date":"2026-03-09T10:43:29","date_gmt":"2026-03-09T10:43:29","guid":{"rendered":"https:\/\/apaliceovalencia.com\/?post_type=mkt-anuncios&#038;p=3311"},"modified":"2026-03-10T15:39:15","modified_gmt":"2026-03-10T15:39:15","slug":"cours-particuliers-de-mathematiques","status":"publish","type":"mkt-anuncios","link":"https:\/\/apaliceovalencia.com\/fr\/mkt-anuncios\/cours-particuliers-de-mathematiques\/","title":{"rendered":"Cours particuliers de Math\u00e9matiques &#8211; M. Troxler"},"content":{"rendered":"<div>Professeur certifi\u00e9e et exp\u00e9riment\u00e9e propose des cours de math\u00e9matiques individuels ou en petits groupes. J&rsquo;accompagne les \u00e9l\u00e8ves en difficult\u00e9s et je propose \u00e9galement une pr\u00e9paration pour le brevet et le baccalaur\u00e9at.<\/div>\n<div>N&rsquo;h\u00e9sitez pas \u00e0 me contacter.<\/div>\n<div>Le premier cours particulier est gratuit.<\/div>\n<div><\/div>\n","protected":false},"featured_media":0,"template":"","mkt_categoria":[38],"class_list":["post-3311","mkt-anuncios","type-mkt-anuncios","status-publish","hentry","mkt_categoria-cours-particuliers"],"acf":[],"yoast_head":"<!-- This site is optimized with the Yoast SEO plugin v27.1.1 - https:\/\/yoast.com\/product\/yoast-seo-wordpress\/ -->\n<title>Cours particuliers de Math\u00e9matiques - M. Troxler - APAE Liceo Franc\u00e9s Val\u00e8ncia<\/title>\n<meta name=\"robots\" content=\"index, follow, max-snippet:-1, max-image-preview:large, max-video-preview:-1\" \/>\n<link rel=\"canonical\" href=\"https:\/\/apaliceovalencia.com\/fr\/mkt-anuncios\/cours-particuliers-de-mathematiques\/\" \/>\n<meta property=\"og:locale\" content=\"fr_FR\" \/>\n<meta property=\"og:type\" content=\"article\" \/>\n<meta property=\"og:title\" content=\"Cours particuliers de Math\u00e9matiques - M. Troxler - APAE Liceo Franc\u00e9s Val\u00e8ncia\" \/>\n<meta property=\"og:description\" content=\"Professeur certifi\u00e9e et exp\u00e9riment\u00e9e propose des cours de math\u00e9matiques individuels ou en petits groupes. J&rsquo;accompagne les \u00e9l\u00e8ves en difficult\u00e9s et je propose \u00e9galement une pr\u00e9paration pour le brevet et le [&hellip;]\" \/>\n<meta property=\"og:url\" content=\"https:\/\/apaliceovalencia.com\/fr\/mkt-anuncios\/cours-particuliers-de-mathematiques\/\" \/>\n<meta property=\"og:site_name\" content=\"APAE Liceo Franc\u00e9s Val\u00e8ncia\" \/>\n<meta property=\"article:modified_time\" content=\"2026-03-10T15:39:15+00:00\" \/>\n<meta name=\"twitter:card\" content=\"summary_large_image\" \/>\n<meta name=\"twitter:label1\" content=\"Dur\u00e9e de lecture estim\u00e9e\" \/>\n\t<meta name=\"twitter:data1\" content=\"1 minute\" \/>\n<script type=\"application\/ld+json\" class=\"yoast-schema-graph\">{\"@context\":\"https:\/\/schema.org\",\"@graph\":[{\"@type\":\"WebPage\",\"@id\":\"https:\/\/apaliceovalencia.com\/fr\/mkt-anuncios\/cours-particuliers-de-mathematiques\/\",\"url\":\"https:\/\/apaliceovalencia.com\/fr\/mkt-anuncios\/cours-particuliers-de-mathematiques\/\",\"name\":\"Cours particuliers de Math\u00e9matiques - M. Troxler - APAE Liceo Franc\u00e9s Val\u00e8ncia\",\"isPartOf\":{\"@id\":\"https:\/\/apaliceovalencia.com\/fr\/#website\"},\"datePublished\":\"2026-03-09T10:43:29+00:00\",\"dateModified\":\"2026-03-10T15:39:15+00:00\",\"breadcrumb\":{\"@id\":\"https:\/\/apaliceovalencia.com\/fr\/mkt-anuncios\/cours-particuliers-de-mathematiques\/#breadcrumb\"},\"inLanguage\":\"fr-FR\",\"potentialAction\":[{\"@type\":\"ReadAction\",\"target\":[\"https:\/\/apaliceovalencia.com\/fr\/mkt-anuncios\/cours-particuliers-de-mathematiques\/\"]}]},{\"@type\":\"BreadcrumbList\",\"@id\":\"https:\/\/apaliceovalencia.com\/fr\/mkt-anuncios\/cours-particuliers-de-mathematiques\/#breadcrumb\",\"itemListElement\":[{\"@type\":\"ListItem\",\"position\":1,\"name\":\"Home\",\"item\":\"https:\/\/apaliceovalencia.com\/fr\/\"},{\"@type\":\"ListItem\",\"position\":2,\"name\":\"Anuncios\",\"item\":\"https:\/\/apaliceovalencia.com\/fr\/mkt-anuncios\/\"},{\"@type\":\"ListItem\",\"position\":3,\"name\":\"Cours particuliers de Math\u00e9matiques &#8211; M. Troxler\"}]},{\"@type\":\"WebSite\",\"@id\":\"https:\/\/apaliceovalencia.com\/fr\/#website\",\"url\":\"https:\/\/apaliceovalencia.com\/fr\/\",\"name\":\"APAE Liceo Franc\u00e9s Val\u00e8ncia\",\"description\":\"Asocaci\u00f3n de padres de alumnos Lyc\u00e9e Fran\u00e7ais de Val\u00e8ncia\",\"potentialAction\":[{\"@type\":\"SearchAction\",\"target\":{\"@type\":\"EntryPoint\",\"urlTemplate\":\"https:\/\/apaliceovalencia.com\/fr\/?s={search_term_string}\"},\"query-input\":{\"@type\":\"PropertyValueSpecification\",\"valueRequired\":true,\"valueName\":\"search_term_string\"}}],\"inLanguage\":\"fr-FR\"}]}<\/script>\n<!-- \/ Yoast SEO plugin. -->","yoast_head_json":{"title":"Cours particuliers de Math\u00e9matiques - M. Troxler - APAE Liceo Franc\u00e9s Val\u00e8ncia","robots":{"index":"index","follow":"follow","max-snippet":"max-snippet:-1","max-image-preview":"max-image-preview:large","max-video-preview":"max-video-preview:-1"},"canonical":"https:\/\/apaliceovalencia.com\/fr\/mkt-anuncios\/cours-particuliers-de-mathematiques\/","og_locale":"fr_FR","og_type":"article","og_title":"Cours particuliers de Math\u00e9matiques - M. Troxler - APAE Liceo Franc\u00e9s Val\u00e8ncia","og_description":"Professeur certifi\u00e9e et exp\u00e9riment\u00e9e propose des cours de math\u00e9matiques individuels ou en petits groupes. J&rsquo;accompagne les \u00e9l\u00e8ves en difficult\u00e9s et je propose \u00e9galement une pr\u00e9paration pour le brevet et le [&hellip;]","og_url":"https:\/\/apaliceovalencia.com\/fr\/mkt-anuncios\/cours-particuliers-de-mathematiques\/","og_site_name":"APAE Liceo Franc\u00e9s Val\u00e8ncia","article_modified_time":"2026-03-10T15:39:15+00:00","twitter_card":"summary_large_image","twitter_misc":{"Dur\u00e9e de lecture estim\u00e9e":"1 minute"},"schema":{"@context":"https:\/\/schema.org","@graph":[{"@type":"WebPage","@id":"https:\/\/apaliceovalencia.com\/fr\/mkt-anuncios\/cours-particuliers-de-mathematiques\/","url":"https:\/\/apaliceovalencia.com\/fr\/mkt-anuncios\/cours-particuliers-de-mathematiques\/","name":"Cours particuliers de Math\u00e9matiques - M. Troxler - APAE Liceo Franc\u00e9s Val\u00e8ncia","isPartOf":{"@id":"https:\/\/apaliceovalencia.com\/fr\/#website"},"datePublished":"2026-03-09T10:43:29+00:00","dateModified":"2026-03-10T15:39:15+00:00","breadcrumb":{"@id":"https:\/\/apaliceovalencia.com\/fr\/mkt-anuncios\/cours-particuliers-de-mathematiques\/#breadcrumb"},"inLanguage":"fr-FR","potentialAction":[{"@type":"ReadAction","target":["https:\/\/apaliceovalencia.com\/fr\/mkt-anuncios\/cours-particuliers-de-mathematiques\/"]}]},{"@type":"BreadcrumbList","@id":"https:\/\/apaliceovalencia.com\/fr\/mkt-anuncios\/cours-particuliers-de-mathematiques\/#breadcrumb","itemListElement":[{"@type":"ListItem","position":1,"name":"Home","item":"https:\/\/apaliceovalencia.com\/fr\/"},{"@type":"ListItem","position":2,"name":"Anuncios","item":"https:\/\/apaliceovalencia.com\/fr\/mkt-anuncios\/"},{"@type":"ListItem","position":3,"name":"Cours particuliers de Math\u00e9matiques &#8211; M. Troxler"}]},{"@type":"WebSite","@id":"https:\/\/apaliceovalencia.com\/fr\/#website","url":"https:\/\/apaliceovalencia.com\/fr\/","name":"APAE Liceo Franc\u00e9s Val\u00e8ncia","description":"Asocaci\u00f3n de padres de alumnos Lyc\u00e9e Fran\u00e7ais de Val\u00e8ncia","potentialAction":[{"@type":"SearchAction","target":{"@type":"EntryPoint","urlTemplate":"https:\/\/apaliceovalencia.com\/fr\/?s={search_term_string}"},"query-input":{"@type":"PropertyValueSpecification","valueRequired":true,"valueName":"search_term_string"}}],"inLanguage":"fr-FR"}]}},"_links":{"self":[{"href":"https:\/\/apaliceovalencia.com\/fr\/wp-json\/wp\/v2\/mkt-anuncios\/3311","targetHints":{"allow":["GET"]}}],"collection":[{"href":"https:\/\/apaliceovalencia.com\/fr\/wp-json\/wp\/v2\/mkt-anuncios"}],"about":[{"href":"https:\/\/apaliceovalencia.com\/fr\/wp-json\/wp\/v2\/types\/mkt-anuncios"}],"wp:attachment":[{"href":"https:\/\/apaliceovalencia.com\/fr\/wp-json\/wp\/v2\/media?parent=3311"}],"wp:term":[{"taxonomy":"mkt_categoria","embeddable":true,"href":"https:\/\/apaliceovalencia.com\/fr\/wp-json\/wp\/v2\/mkt_categoria?post=3311"}],"curies":[{"name":"wp","href":"https:\/\/api.w.org\/{rel}","templated":true}]}}

Cours particuliers de Mathématiques &#8211; M. Troxler

<div>Professeur certifiée et expérimentée propose des cours de mathématiques individuels ou en petits groupes. J&rsquo;accompagne les élèves en difficultés et je propose également une préparation pour le brevet et le baccalauréat.</div>
<div>N&rsquo;hésitez pas à me contacter.</div>
<div>Le premier cours particulier est gratuit.</div>
<div></div>

<!-- This site is optimized with the Yoast SEO plugin v27.1.1 - https://yoast.com/product/yoast-seo-wordpress/ -->
<title>Cours particuliers de Mathématiques - M. Troxler - APAE Liceo Francés València</title>
<meta name="robots" content="index, follow, max-snippet:-1, max-image-preview:large, max-video-preview:-1" />
<link rel="canonical" href="https://apaliceovalencia.com/fr/mkt-anuncios/cours-particuliers-de-mathematiques/" />
<meta property="og:locale" content="fr_FR" />
<meta property="og:type" content="article" />
<meta property="og:title" content="Cours particuliers de Mathématiques - M. Troxler - APAE Liceo Francés València" />
<meta property="og:description" content="Professeur certifiée et expérimentée propose des cours de mathématiques individuels ou en petits groupes. J&rsquo;accompagne les élèves en difficultés et je propose également une préparation pour le brevet et le [&hellip;]" />
<meta property="og:url" content="https://apaliceovalencia.com/fr/mkt-anuncios/cours-particuliers-de-mathematiques/" />
<meta property="og:site_name" content="APAE Liceo Francés València" />
<meta property="article:modified_time" content="2026-03-10T15:39:15+00:00" />
<meta name="twitter:card" content="summary_large_image" />
<meta name="twitter:label1" content="Durée de lecture estimée" />
	<meta name="twitter:data1" content="1 minute" />
<script type="application/ld+json" class="yoast-schema-graph">{"@context":"https://schema.org","@graph":[{"@type":"WebPage","@id":"https://apaliceovalencia.com/fr/mkt-anuncios/cours-particuliers-de-mathematiques/","url":"https://apaliceovalencia.com/fr/mkt-anuncios/cours-particuliers-de-mathematiques/","name":"Cours particuliers de Mathématiques - M. Troxler - APAE Liceo Francés València","isPartOf":{"@id":"https://apaliceovalencia.com/fr/#website"},"datePublished":"2026-03-09T10:43:29+00:00","dateModified":"2026-03-10T15:39:15+00:00","breadcrumb":{"@id":"https://apaliceovalencia.com/fr/mkt-anuncios/cours-particuliers-de-mathematiques/#breadcrumb"},"inLanguage":"fr-FR","potentialAction":[{"@type":"ReadAction","target":["https://apaliceovalencia.com/fr/mkt-anuncios/cours-particuliers-de-mathematiques/"]}]},{"@type":"BreadcrumbList","@id":"https://apaliceovalencia.com/fr/mkt-anuncios/cours-particuliers-de-mathematiques/#breadcrumb","itemListElement":[{"@type":"ListItem","position":1,"name":"Home","item":"https://apaliceovalencia.com/fr/"},{"@type":"ListItem","position":2,"name":"Anuncios","item":"https://apaliceovalencia.com/fr/mkt-anuncios/"},{"@type":"ListItem","position":3,"name":"Cours particuliers de Mathématiques &#8211; M. Troxler"}]},{"@type":"WebSite","@id":"https://apaliceovalencia.com/fr/#website","url":"https://apaliceovalencia.com/fr/","name":"APAE Liceo Francés València","description":"Asocación de padres de alumnos Lycée Français de València","potentialAction":[{"@type":"SearchAction","target":{"@type":"EntryPoint","urlTemplate":"https://apaliceovalencia.com/fr/?s={search_term_string}"},"query-input":{"@type":"PropertyValueSpecification","valueRequired":true,"valueName":"search_term_string"}}],"inLanguage":"fr-FR"}]}</script>
<!-- / Yoast SEO plugin. -->

Cours particuliers de Mathématiques - M. Troxler - APAE Liceo Francés València

Professeur certifiée et expérimentée propose des cours de mathématiques individuels ou en petits groupes. J&rsquo;accompagne les élèves en difficultés et je propose également une préparation pour le brevet et le [&hellip;]

APAE Liceo Francés València

Asocación de padres de alumnos Lycée Français de València
