{"id":6971,"date":"2024-09-17T06:20:44","date_gmt":"2024-09-17T06:20:44","guid":{"rendered":"https:\/\/apaliceovalencia.com\/?post_type=mkt-anuncios&#038;p=6971"},"modified":"2024-09-17T06:22:09","modified_gmt":"2024-09-17T06:22:09","slug":"garde-denfants-et-aide-aux-devoirs-2","status":"publish","type":"mkt-anuncios","link":"https:\/\/apaliceovalencia.com\/fr\/mkt-anuncios\/garde-denfants-et-aide-aux-devoirs-2\/","title":{"rendered":"Garde d&rsquo;enfants et aide aux devoirs"},"content":{"rendered":"<div dir=\"auto\">Chers parents,<br \/>\nJe me pr\u00e9sente, je m\u2019appelle L\u00e9a Isus et je suis \u00e9tudiante \u00e0 l\u2019universit\u00e9 de la CEU Alfara del Patriarca.<\/div>\n<div dir=\"auto\"><\/div>\n<div dir=\"auto\">Souhaitant mettre un peu d\u2019argent de c\u00f4t\u00e9, je me propose afin de garder vos enfants en semaine ou le week-end. Je suis \u00e9galement dispos\u00e9e \u00e0 aider dans la r\u00e9alisation des devoirs.<\/div>\n<div dir=\"auto\"><\/div>\n<div dir=\"auto\">Ayant eut l\u2019occasion l\u2019ann\u00e9e pass\u00e9e de garder des enfants de l\u2019\u00e9tablissement, je me permets de relancer mes services.<\/div>\n<div dir=\"auto\"><\/div>\n<div dir=\"auto\">N\u2019h\u00e9sitez pas \u00e0 me contacter pour plus d\u2019informations !<\/div>\n<div dir=\"auto\"><\/div>\n","protected":false},"featured_media":0,"template":"","mkt_categoria":[37,38],"class_list":["post-6971","mkt-anuncios","type-mkt-anuncios","status-publish","hentry","mkt_categoria-baby-sitter-au-pair-fr","mkt_categoria-cours-particuliers"],"acf":[],"yoast_head":"<!-- This site is optimized with the Yoast SEO plugin v27.1.1 - https:\/\/yoast.com\/product\/yoast-seo-wordpress\/ -->\n<title>Garde d&#039;enfants et aide aux devoirs - APAE Liceo Franc\u00e9s Val\u00e8ncia<\/title>\n<meta name=\"robots\" content=\"index, follow, max-snippet:-1, max-image-preview:large, max-video-preview:-1\" \/>\n<link rel=\"canonical\" href=\"https:\/\/apaliceovalencia.com\/fr\/mkt-anuncios\/garde-denfants-et-aide-aux-devoirs-2\/\" \/>\n<meta property=\"og:locale\" content=\"fr_FR\" \/>\n<meta property=\"og:type\" content=\"article\" \/>\n<meta property=\"og:title\" content=\"Garde d&#039;enfants et aide aux devoirs - APAE Liceo Franc\u00e9s Val\u00e8ncia\" \/>\n<meta property=\"og:description\" content=\"Chers parents, Je me pr\u00e9sente, je m\u2019appelle L\u00e9a Isus et je suis \u00e9tudiante \u00e0 l\u2019universit\u00e9 de la CEU Alfara del Patriarca. Souhaitant mettre un peu d\u2019argent de c\u00f4t\u00e9, je me [&hellip;]\" \/>\n<meta property=\"og:url\" content=\"https:\/\/apaliceovalencia.com\/fr\/mkt-anuncios\/garde-denfants-et-aide-aux-devoirs-2\/\" \/>\n<meta property=\"og:site_name\" content=\"APAE Liceo Franc\u00e9s Val\u00e8ncia\" \/>\n<meta property=\"article:modified_time\" content=\"2024-09-17T06:22:09+00:00\" \/>\n<meta name=\"twitter:card\" content=\"summary_large_image\" \/>\n<meta name=\"twitter:label1\" content=\"Dur\u00e9e de lecture estim\u00e9e\" \/>\n\t<meta name=\"twitter:data1\" content=\"1 minute\" \/>\n<script type=\"application\/ld+json\" class=\"yoast-schema-graph\">{\"@context\":\"https:\/\/schema.org\",\"@graph\":[{\"@type\":\"WebPage\",\"@id\":\"https:\/\/apaliceovalencia.com\/fr\/mkt-anuncios\/garde-denfants-et-aide-aux-devoirs-2\/\",\"url\":\"https:\/\/apaliceovalencia.com\/fr\/mkt-anuncios\/garde-denfants-et-aide-aux-devoirs-2\/\",\"name\":\"Garde d'enfants et aide aux devoirs - APAE Liceo Franc\u00e9s Val\u00e8ncia\",\"isPartOf\":{\"@id\":\"https:\/\/apaliceovalencia.com\/fr\/#website\"},\"datePublished\":\"2024-09-17T06:20:44+00:00\",\"dateModified\":\"2024-09-17T06:22:09+00:00\",\"breadcrumb\":{\"@id\":\"https:\/\/apaliceovalencia.com\/fr\/mkt-anuncios\/garde-denfants-et-aide-aux-devoirs-2\/#breadcrumb\"},\"inLanguage\":\"fr-FR\",\"potentialAction\":[{\"@type\":\"ReadAction\",\"target\":[\"https:\/\/apaliceovalencia.com\/fr\/mkt-anuncios\/garde-denfants-et-aide-aux-devoirs-2\/\"]}]},{\"@type\":\"BreadcrumbList\",\"@id\":\"https:\/\/apaliceovalencia.com\/fr\/mkt-anuncios\/garde-denfants-et-aide-aux-devoirs-2\/#breadcrumb\",\"itemListElement\":[{\"@type\":\"ListItem\",\"position\":1,\"name\":\"Home\",\"item\":\"https:\/\/apaliceovalencia.com\/fr\/\"},{\"@type\":\"ListItem\",\"position\":2,\"name\":\"Anuncios\",\"item\":\"https:\/\/apaliceovalencia.com\/fr\/mkt-anuncios\/\"},{\"@type\":\"ListItem\",\"position\":3,\"name\":\"Garde d&#8217;enfants et aide aux devoirs\"}]},{\"@type\":\"WebSite\",\"@id\":\"https:\/\/apaliceovalencia.com\/fr\/#website\",\"url\":\"https:\/\/apaliceovalencia.com\/fr\/\",\"name\":\"APAE Liceo Franc\u00e9s Val\u00e8ncia\",\"description\":\"Asocaci\u00f3n de padres de alumnos Lyc\u00e9e Fran\u00e7ais de Val\u00e8ncia\",\"potentialAction\":[{\"@type\":\"SearchAction\",\"target\":{\"@type\":\"EntryPoint\",\"urlTemplate\":\"https:\/\/apaliceovalencia.com\/fr\/?s={search_term_string}\"},\"query-input\":{\"@type\":\"PropertyValueSpecification\",\"valueRequired\":true,\"valueName\":\"search_term_string\"}}],\"inLanguage\":\"fr-FR\"}]}<\/script>\n<!-- \/ Yoast SEO plugin. -->","yoast_head_json":{"title":"Garde d'enfants et aide aux devoirs - APAE Liceo Franc\u00e9s Val\u00e8ncia","robots":{"index":"index","follow":"follow","max-snippet":"max-snippet:-1","max-image-preview":"max-image-preview:large","max-video-preview":"max-video-preview:-1"},"canonical":"https:\/\/apaliceovalencia.com\/fr\/mkt-anuncios\/garde-denfants-et-aide-aux-devoirs-2\/","og_locale":"fr_FR","og_type":"article","og_title":"Garde d'enfants et aide aux devoirs - APAE Liceo Franc\u00e9s Val\u00e8ncia","og_description":"Chers parents, Je me pr\u00e9sente, je m\u2019appelle L\u00e9a Isus et je suis \u00e9tudiante \u00e0 l\u2019universit\u00e9 de la CEU Alfara del Patriarca. Souhaitant mettre un peu d\u2019argent de c\u00f4t\u00e9, je me [&hellip;]","og_url":"https:\/\/apaliceovalencia.com\/fr\/mkt-anuncios\/garde-denfants-et-aide-aux-devoirs-2\/","og_site_name":"APAE Liceo Franc\u00e9s Val\u00e8ncia","article_modified_time":"2024-09-17T06:22:09+00:00","twitter_card":"summary_large_image","twitter_misc":{"Dur\u00e9e de lecture estim\u00e9e":"1 minute"},"schema":{"@context":"https:\/\/schema.org","@graph":[{"@type":"WebPage","@id":"https:\/\/apaliceovalencia.com\/fr\/mkt-anuncios\/garde-denfants-et-aide-aux-devoirs-2\/","url":"https:\/\/apaliceovalencia.com\/fr\/mkt-anuncios\/garde-denfants-et-aide-aux-devoirs-2\/","name":"Garde d'enfants et aide aux devoirs - APAE Liceo Franc\u00e9s Val\u00e8ncia","isPartOf":{"@id":"https:\/\/apaliceovalencia.com\/fr\/#website"},"datePublished":"2024-09-17T06:20:44+00:00","dateModified":"2024-09-17T06:22:09+00:00","breadcrumb":{"@id":"https:\/\/apaliceovalencia.com\/fr\/mkt-anuncios\/garde-denfants-et-aide-aux-devoirs-2\/#breadcrumb"},"inLanguage":"fr-FR","potentialAction":[{"@type":"ReadAction","target":["https:\/\/apaliceovalencia.com\/fr\/mkt-anuncios\/garde-denfants-et-aide-aux-devoirs-2\/"]}]},{"@type":"BreadcrumbList","@id":"https:\/\/apaliceovalencia.com\/fr\/mkt-anuncios\/garde-denfants-et-aide-aux-devoirs-2\/#breadcrumb","itemListElement":[{"@type":"ListItem","position":1,"name":"Home","item":"https:\/\/apaliceovalencia.com\/fr\/"},{"@type":"ListItem","position":2,"name":"Anuncios","item":"https:\/\/apaliceovalencia.com\/fr\/mkt-anuncios\/"},{"@type":"ListItem","position":3,"name":"Garde d&#8217;enfants et aide aux devoirs"}]},{"@type":"WebSite","@id":"https:\/\/apaliceovalencia.com\/fr\/#website","url":"https:\/\/apaliceovalencia.com\/fr\/","name":"APAE Liceo Franc\u00e9s Val\u00e8ncia","description":"Asocaci\u00f3n de padres de alumnos Lyc\u00e9e Fran\u00e7ais de Val\u00e8ncia","potentialAction":[{"@type":"SearchAction","target":{"@type":"EntryPoint","urlTemplate":"https:\/\/apaliceovalencia.com\/fr\/?s={search_term_string}"},"query-input":{"@type":"PropertyValueSpecification","valueRequired":true,"valueName":"search_term_string"}}],"inLanguage":"fr-FR"}]}},"_links":{"self":[{"href":"https:\/\/apaliceovalencia.com\/fr\/wp-json\/wp\/v2\/mkt-anuncios\/6971","targetHints":{"allow":["GET"]}}],"collection":[{"href":"https:\/\/apaliceovalencia.com\/fr\/wp-json\/wp\/v2\/mkt-anuncios"}],"about":[{"href":"https:\/\/apaliceovalencia.com\/fr\/wp-json\/wp\/v2\/types\/mkt-anuncios"}],"wp:attachment":[{"href":"https:\/\/apaliceovalencia.com\/fr\/wp-json\/wp\/v2\/media?parent=6971"}],"wp:term":[{"taxonomy":"mkt_categoria","embeddable":true,"href":"https:\/\/apaliceovalencia.com\/fr\/wp-json\/wp\/v2\/mkt_categoria?post=6971"}],"curies":[{"name":"wp","href":"https:\/\/api.w.org\/{rel}","templated":true}]}}

<div dir="auto">Chers parents,<br />
Je me présente, je m’appelle Léa Isus et je suis étudiante à l’université de la CEU Alfara del Patriarca.</div>
<div dir="auto"></div>
<div dir="auto">Souhaitant mettre un peu d’argent de côté, je me propose afin de garder vos enfants en semaine ou le week-end. Je suis également disposée à aider dans la réalisation des devoirs.</div>
<div dir="auto"></div>
<div dir="auto">Ayant eut l’occasion l’année passée de garder des enfants de l’établissement, je me permets de relancer mes services.</div>
<div dir="auto"></div>
<div dir="auto">N’hésitez pas à me contacter pour plus d’informations !</div>
<div dir="auto"></div>

<!-- This site is optimized with the Yoast SEO plugin v27.1.1 - https://yoast.com/product/yoast-seo-wordpress/ -->
<title>Garde d&#039;enfants et aide aux devoirs - APAE Liceo Francés València</title>
<meta name="robots" content="index, follow, max-snippet:-1, max-image-preview:large, max-video-preview:-1" />
<link rel="canonical" href="https://apaliceovalencia.com/fr/mkt-anuncios/garde-denfants-et-aide-aux-devoirs-2/" />
<meta property="og:locale" content="fr_FR" />
<meta property="og:type" content="article" />
<meta property="og:title" content="Garde d&#039;enfants et aide aux devoirs - APAE Liceo Francés València" />
<meta property="og:description" content="Chers parents, Je me présente, je m’appelle Léa Isus et je suis étudiante à l’université de la CEU Alfara del Patriarca. Souhaitant mettre un peu d’argent de côté, je me [&hellip;]" />
<meta property="og:url" content="https://apaliceovalencia.com/fr/mkt-anuncios/garde-denfants-et-aide-aux-devoirs-2/" />
<meta property="og:site_name" content="APAE Liceo Francés València" />
<meta property="article:modified_time" content="2024-09-17T06:22:09+00:00" />
<meta name="twitter:card" content="summary_large_image" />
<meta name="twitter:label1" content="Durée de lecture estimée" />
	<meta name="twitter:data1" content="1 minute" />
<script type="application/ld+json" class="yoast-schema-graph">{"@context":"https://schema.org","@graph":[{"@type":"WebPage","@id":"https://apaliceovalencia.com/fr/mkt-anuncios/garde-denfants-et-aide-aux-devoirs-2/","url":"https://apaliceovalencia.com/fr/mkt-anuncios/garde-denfants-et-aide-aux-devoirs-2/","name":"Garde d'enfants et aide aux devoirs - APAE Liceo Francés València","isPartOf":{"@id":"https://apaliceovalencia.com/fr/#website"},"datePublished":"2024-09-17T06:20:44+00:00","dateModified":"2024-09-17T06:22:09+00:00","breadcrumb":{"@id":"https://apaliceovalencia.com/fr/mkt-anuncios/garde-denfants-et-aide-aux-devoirs-2/#breadcrumb"},"inLanguage":"fr-FR","potentialAction":[{"@type":"ReadAction","target":["https://apaliceovalencia.com/fr/mkt-anuncios/garde-denfants-et-aide-aux-devoirs-2/"]}]},{"@type":"BreadcrumbList","@id":"https://apaliceovalencia.com/fr/mkt-anuncios/garde-denfants-et-aide-aux-devoirs-2/#breadcrumb","itemListElement":[{"@type":"ListItem","position":1,"name":"Home","item":"https://apaliceovalencia.com/fr/"},{"@type":"ListItem","position":2,"name":"Anuncios","item":"https://apaliceovalencia.com/fr/mkt-anuncios/"},{"@type":"ListItem","position":3,"name":"Garde d&#8217;enfants et aide aux devoirs"}]},{"@type":"WebSite","@id":"https://apaliceovalencia.com/fr/#website","url":"https://apaliceovalencia.com/fr/","name":"APAE Liceo Francés València","description":"Asocación de padres de alumnos Lycée Français de València","potentialAction":[{"@type":"SearchAction","target":{"@type":"EntryPoint","urlTemplate":"https://apaliceovalencia.com/fr/?s={search_term_string}"},"query-input":{"@type":"PropertyValueSpecification","valueRequired":true,"valueName":"search_term_string"}}],"inLanguage":"fr-FR"}]}</script>
<!-- / Yoast SEO plugin. -->

Garde d'enfants et aide aux devoirs - APAE Liceo Francés València

Chers parents, Je me présente, je m’appelle Léa Isus et je suis étudiante à l’université de la CEU Alfara del Patriarca. Souhaitant mettre un peu d’argent de côté, je me [&hellip;]

APAE Liceo Francés València

Asocación de padres de alumnos Lycée Français de València
