{"id":913,"date":"2022-09-04T14:53:14","date_gmt":"2022-09-04T14:53:14","guid":{"rendered":"https:\/\/apaliceovalencia.com\/?post_type=mkt-anuncios&#038;p=913"},"modified":"2022-09-11T13:34:30","modified_gmt":"2022-09-11T13:34:30","slug":"garde-denfants-et-aide-aux-devoirs","status":"publish","type":"mkt-anuncios","link":"https:\/\/apaliceovalencia.com\/fr\/mkt-anuncios\/garde-denfants-et-aide-aux-devoirs\/","title":{"rendered":"Garde d&rsquo;enfants et aide aux devoirs"},"content":{"rendered":"<p>\u00c9tudiante \u00e0 l\u2019universit\u00e9 de Valencia en double-dipl\u00f4me de droit franco-espagnol,en derni\u00e8re ann\u00e9e de Grado et en premi\u00e8re ann\u00e9e de master de droit coop\u00e9ration \u00e9conomique et affaires internationales ( Universit\u00e9 Toulouse Capitole), je serais ravie de garder vos enfants et de fournir une aide au devoir ( en fonction du niveau et sp\u00e9cialit\u00e9s choisies de votre enfant ).Je parle couramment espagnol et fran\u00e7ais ( langue maternelle).<br \/>\n\u00c2g\u00e9e de 21 ans,p\u00e9dagogue, joyeuse et patiente, je suis disponible en fin de journ\u00e9e presque tous les jours de la semaine ainsi que certaines nuits, en cas de besoin.<\/p>\n","protected":false},"featured_media":0,"template":"","mkt_categoria":[37,38],"class_list":["post-913","mkt-anuncios","type-mkt-anuncios","status-publish","hentry","mkt_categoria-baby-sitter-au-pair-fr","mkt_categoria-cours-particuliers"],"acf":[],"yoast_head":"<!-- This site is optimized with the Yoast SEO plugin v27.1.1 - https:\/\/yoast.com\/product\/yoast-seo-wordpress\/ -->\n<title>Garde d&#039;enfants et aide aux devoirs - APAE Liceo Franc\u00e9s Val\u00e8ncia<\/title>\n<meta name=\"robots\" content=\"index, follow, max-snippet:-1, max-image-preview:large, max-video-preview:-1\" \/>\n<link rel=\"canonical\" href=\"https:\/\/apaliceovalencia.com\/fr\/mkt-anuncios\/garde-denfants-et-aide-aux-devoirs\/\" \/>\n<meta property=\"og:locale\" content=\"fr_FR\" \/>\n<meta property=\"og:type\" content=\"article\" \/>\n<meta property=\"og:title\" content=\"Garde d&#039;enfants et aide aux devoirs - APAE Liceo Franc\u00e9s Val\u00e8ncia\" \/>\n<meta property=\"og:description\" content=\"\u00c9tudiante \u00e0 l\u2019universit\u00e9 de Valencia en double-dipl\u00f4me de droit franco-espagnol,en derni\u00e8re ann\u00e9e de Grado et en premi\u00e8re ann\u00e9e de master de droit coop\u00e9ration \u00e9conomique et affaires internationales ( Universit\u00e9 Toulouse [&hellip;]\" \/>\n<meta property=\"og:url\" content=\"https:\/\/apaliceovalencia.com\/fr\/mkt-anuncios\/garde-denfants-et-aide-aux-devoirs\/\" \/>\n<meta property=\"og:site_name\" content=\"APAE Liceo Franc\u00e9s Val\u00e8ncia\" \/>\n<meta property=\"article:modified_time\" content=\"2022-09-11T13:34:30+00:00\" \/>\n<meta name=\"twitter:card\" content=\"summary_large_image\" \/>\n<meta name=\"twitter:label1\" content=\"Dur\u00e9e de lecture estim\u00e9e\" \/>\n\t<meta name=\"twitter:data1\" content=\"1 minute\" \/>\n<script type=\"application\/ld+json\" class=\"yoast-schema-graph\">{\"@context\":\"https:\/\/schema.org\",\"@graph\":[{\"@type\":\"WebPage\",\"@id\":\"https:\/\/apaliceovalencia.com\/fr\/mkt-anuncios\/garde-denfants-et-aide-aux-devoirs\/\",\"url\":\"https:\/\/apaliceovalencia.com\/fr\/mkt-anuncios\/garde-denfants-et-aide-aux-devoirs\/\",\"name\":\"Garde d'enfants et aide aux devoirs - APAE Liceo Franc\u00e9s Val\u00e8ncia\",\"isPartOf\":{\"@id\":\"https:\/\/apaliceovalencia.com\/fr\/#website\"},\"datePublished\":\"2022-09-04T14:53:14+00:00\",\"dateModified\":\"2022-09-11T13:34:30+00:00\",\"breadcrumb\":{\"@id\":\"https:\/\/apaliceovalencia.com\/fr\/mkt-anuncios\/garde-denfants-et-aide-aux-devoirs\/#breadcrumb\"},\"inLanguage\":\"fr-FR\",\"potentialAction\":[{\"@type\":\"ReadAction\",\"target\":[\"https:\/\/apaliceovalencia.com\/fr\/mkt-anuncios\/garde-denfants-et-aide-aux-devoirs\/\"]}]},{\"@type\":\"BreadcrumbList\",\"@id\":\"https:\/\/apaliceovalencia.com\/fr\/mkt-anuncios\/garde-denfants-et-aide-aux-devoirs\/#breadcrumb\",\"itemListElement\":[{\"@type\":\"ListItem\",\"position\":1,\"name\":\"Home\",\"item\":\"https:\/\/apaliceovalencia.com\/fr\/\"},{\"@type\":\"ListItem\",\"position\":2,\"name\":\"Anuncios\",\"item\":\"https:\/\/apaliceovalencia.com\/fr\/mkt-anuncios\/\"},{\"@type\":\"ListItem\",\"position\":3,\"name\":\"Garde d&#8217;enfants et aide aux devoirs\"}]},{\"@type\":\"WebSite\",\"@id\":\"https:\/\/apaliceovalencia.com\/fr\/#website\",\"url\":\"https:\/\/apaliceovalencia.com\/fr\/\",\"name\":\"APAE Liceo Franc\u00e9s Val\u00e8ncia\",\"description\":\"Asocaci\u00f3n de padres de alumnos Lyc\u00e9e Fran\u00e7ais de Val\u00e8ncia\",\"potentialAction\":[{\"@type\":\"SearchAction\",\"target\":{\"@type\":\"EntryPoint\",\"urlTemplate\":\"https:\/\/apaliceovalencia.com\/fr\/?s={search_term_string}\"},\"query-input\":{\"@type\":\"PropertyValueSpecification\",\"valueRequired\":true,\"valueName\":\"search_term_string\"}}],\"inLanguage\":\"fr-FR\"}]}<\/script>\n<!-- \/ Yoast SEO plugin. -->","yoast_head_json":{"title":"Garde d'enfants et aide aux devoirs - APAE Liceo Franc\u00e9s Val\u00e8ncia","robots":{"index":"index","follow":"follow","max-snippet":"max-snippet:-1","max-image-preview":"max-image-preview:large","max-video-preview":"max-video-preview:-1"},"canonical":"https:\/\/apaliceovalencia.com\/fr\/mkt-anuncios\/garde-denfants-et-aide-aux-devoirs\/","og_locale":"fr_FR","og_type":"article","og_title":"Garde d'enfants et aide aux devoirs - APAE Liceo Franc\u00e9s Val\u00e8ncia","og_description":"\u00c9tudiante \u00e0 l\u2019universit\u00e9 de Valencia en double-dipl\u00f4me de droit franco-espagnol,en derni\u00e8re ann\u00e9e de Grado et en premi\u00e8re ann\u00e9e de master de droit coop\u00e9ration \u00e9conomique et affaires internationales ( Universit\u00e9 Toulouse [&hellip;]","og_url":"https:\/\/apaliceovalencia.com\/fr\/mkt-anuncios\/garde-denfants-et-aide-aux-devoirs\/","og_site_name":"APAE Liceo Franc\u00e9s Val\u00e8ncia","article_modified_time":"2022-09-11T13:34:30+00:00","twitter_card":"summary_large_image","twitter_misc":{"Dur\u00e9e de lecture estim\u00e9e":"1 minute"},"schema":{"@context":"https:\/\/schema.org","@graph":[{"@type":"WebPage","@id":"https:\/\/apaliceovalencia.com\/fr\/mkt-anuncios\/garde-denfants-et-aide-aux-devoirs\/","url":"https:\/\/apaliceovalencia.com\/fr\/mkt-anuncios\/garde-denfants-et-aide-aux-devoirs\/","name":"Garde d'enfants et aide aux devoirs - APAE Liceo Franc\u00e9s Val\u00e8ncia","isPartOf":{"@id":"https:\/\/apaliceovalencia.com\/fr\/#website"},"datePublished":"2022-09-04T14:53:14+00:00","dateModified":"2022-09-11T13:34:30+00:00","breadcrumb":{"@id":"https:\/\/apaliceovalencia.com\/fr\/mkt-anuncios\/garde-denfants-et-aide-aux-devoirs\/#breadcrumb"},"inLanguage":"fr-FR","potentialAction":[{"@type":"ReadAction","target":["https:\/\/apaliceovalencia.com\/fr\/mkt-anuncios\/garde-denfants-et-aide-aux-devoirs\/"]}]},{"@type":"BreadcrumbList","@id":"https:\/\/apaliceovalencia.com\/fr\/mkt-anuncios\/garde-denfants-et-aide-aux-devoirs\/#breadcrumb","itemListElement":[{"@type":"ListItem","position":1,"name":"Home","item":"https:\/\/apaliceovalencia.com\/fr\/"},{"@type":"ListItem","position":2,"name":"Anuncios","item":"https:\/\/apaliceovalencia.com\/fr\/mkt-anuncios\/"},{"@type":"ListItem","position":3,"name":"Garde d&#8217;enfants et aide aux devoirs"}]},{"@type":"WebSite","@id":"https:\/\/apaliceovalencia.com\/fr\/#website","url":"https:\/\/apaliceovalencia.com\/fr\/","name":"APAE Liceo Franc\u00e9s Val\u00e8ncia","description":"Asocaci\u00f3n de padres de alumnos Lyc\u00e9e Fran\u00e7ais de Val\u00e8ncia","potentialAction":[{"@type":"SearchAction","target":{"@type":"EntryPoint","urlTemplate":"https:\/\/apaliceovalencia.com\/fr\/?s={search_term_string}"},"query-input":{"@type":"PropertyValueSpecification","valueRequired":true,"valueName":"search_term_string"}}],"inLanguage":"fr-FR"}]}},"_links":{"self":[{"href":"https:\/\/apaliceovalencia.com\/fr\/wp-json\/wp\/v2\/mkt-anuncios\/913","targetHints":{"allow":["GET"]}}],"collection":[{"href":"https:\/\/apaliceovalencia.com\/fr\/wp-json\/wp\/v2\/mkt-anuncios"}],"about":[{"href":"https:\/\/apaliceovalencia.com\/fr\/wp-json\/wp\/v2\/types\/mkt-anuncios"}],"wp:attachment":[{"href":"https:\/\/apaliceovalencia.com\/fr\/wp-json\/wp\/v2\/media?parent=913"}],"wp:term":[{"taxonomy":"mkt_categoria","embeddable":true,"href":"https:\/\/apaliceovalencia.com\/fr\/wp-json\/wp\/v2\/mkt_categoria?post=913"}],"curies":[{"name":"wp","href":"https:\/\/api.w.org\/{rel}","templated":true}]}}

<p>Étudiante à l’université de Valencia en double-diplôme de droit franco-espagnol,en dernière année de Grado et en première année de master de droit coopération économique et affaires internationales ( Université Toulouse Capitole), je serais ravie de garder vos enfants et de fournir une aide au devoir ( en fonction du niveau et spécialités choisies de votre enfant ).Je parle couramment espagnol et français ( langue maternelle).<br />
Âgée de 21 ans,pédagogue, joyeuse et patiente, je suis disponible en fin de journée presque tous les jours de la semaine ainsi que certaines nuits, en cas de besoin.</p>

<!-- This site is optimized with the Yoast SEO plugin v27.1.1 - https://yoast.com/product/yoast-seo-wordpress/ -->
<title>Garde d&#039;enfants et aide aux devoirs - APAE Liceo Francés València</title>
<meta name="robots" content="index, follow, max-snippet:-1, max-image-preview:large, max-video-preview:-1" />
<link rel="canonical" href="https://apaliceovalencia.com/fr/mkt-anuncios/garde-denfants-et-aide-aux-devoirs/" />
<meta property="og:locale" content="fr_FR" />
<meta property="og:type" content="article" />
<meta property="og:title" content="Garde d&#039;enfants et aide aux devoirs - APAE Liceo Francés València" />
<meta property="og:description" content="Étudiante à l’université de Valencia en double-diplôme de droit franco-espagnol,en dernière année de Grado et en première année de master de droit coopération économique et affaires internationales ( Université Toulouse [&hellip;]" />
<meta property="og:url" content="https://apaliceovalencia.com/fr/mkt-anuncios/garde-denfants-et-aide-aux-devoirs/" />
<meta property="og:site_name" content="APAE Liceo Francés València" />
<meta property="article:modified_time" content="2022-09-11T13:34:30+00:00" />
<meta name="twitter:card" content="summary_large_image" />
<meta name="twitter:label1" content="Durée de lecture estimée" />
	<meta name="twitter:data1" content="1 minute" />
<script type="application/ld+json" class="yoast-schema-graph">{"@context":"https://schema.org","@graph":[{"@type":"WebPage","@id":"https://apaliceovalencia.com/fr/mkt-anuncios/garde-denfants-et-aide-aux-devoirs/","url":"https://apaliceovalencia.com/fr/mkt-anuncios/garde-denfants-et-aide-aux-devoirs/","name":"Garde d'enfants et aide aux devoirs - APAE Liceo Francés València","isPartOf":{"@id":"https://apaliceovalencia.com/fr/#website"},"datePublished":"2022-09-04T14:53:14+00:00","dateModified":"2022-09-11T13:34:30+00:00","breadcrumb":{"@id":"https://apaliceovalencia.com/fr/mkt-anuncios/garde-denfants-et-aide-aux-devoirs/#breadcrumb"},"inLanguage":"fr-FR","potentialAction":[{"@type":"ReadAction","target":["https://apaliceovalencia.com/fr/mkt-anuncios/garde-denfants-et-aide-aux-devoirs/"]}]},{"@type":"BreadcrumbList","@id":"https://apaliceovalencia.com/fr/mkt-anuncios/garde-denfants-et-aide-aux-devoirs/#breadcrumb","itemListElement":[{"@type":"ListItem","position":1,"name":"Home","item":"https://apaliceovalencia.com/fr/"},{"@type":"ListItem","position":2,"name":"Anuncios","item":"https://apaliceovalencia.com/fr/mkt-anuncios/"},{"@type":"ListItem","position":3,"name":"Garde d&#8217;enfants et aide aux devoirs"}]},{"@type":"WebSite","@id":"https://apaliceovalencia.com/fr/#website","url":"https://apaliceovalencia.com/fr/","name":"APAE Liceo Francés València","description":"Asocación de padres de alumnos Lycée Français de València","potentialAction":[{"@type":"SearchAction","target":{"@type":"EntryPoint","urlTemplate":"https://apaliceovalencia.com/fr/?s={search_term_string}"},"query-input":{"@type":"PropertyValueSpecification","valueRequired":true,"valueName":"search_term_string"}}],"inLanguage":"fr-FR"}]}</script>
<!-- / Yoast SEO plugin. -->

Garde d'enfants et aide aux devoirs - APAE Liceo Francés València

Étudiante à l’université de Valencia en double-diplôme de droit franco-espagnol,en dernière année de Grado et en première année de master de droit coopération économique et affaires internationales ( Université Toulouse [&hellip;]

APAE Liceo Francés València

Asocación de padres de alumnos Lycée Français de València
